{"id":3316,"date":"2016-08-01T09:23:37","date_gmt":"2016-08-01T07:23:37","guid":{"rendered":"http:\/\/www.advanco.fi\/?page_id=3316"},"modified":"2016-08-01T14:14:31","modified_gmt":"2016-08-01T12:14:31","slug":"etusivu","status":"publish","type":"page","link":"https:\/\/www.advanco.fi\/","title":{"rendered":"Etusivu"},"content":{"rendered":"<div style='height:1px; margin-top:-25px'  class='hr hr-invisible '><span class='hr-inner ' ><span class='hr-inner-style'><\/span><\/span><\/div>\n<section class=\"av_textblock_section\"  itemscope=\"itemscope\" itemtype=\"https:\/\/schema.org\/CreativeWork\" ><div class='avia_textblock '  style='font-size:22px; '  itemprop=\"text\" ><p style=\"text-align: center;\"><span style=\"font-weight: 900; color: #666; line-height: 2em;\">Asiantuntijuutta terveydenhuollon kehitt\u00e4miseen<\/span><\/p>\n<\/div><\/section>\n<div style='height:25px' class='hr hr-invisible '><span class='hr-inner ' ><span class='hr-inner-style'><\/span><\/span><\/div>\n<div class='avia-image-container  av-styling-   avia-align-center '  itemscope=\"itemscope\" itemtype=\"https:\/\/schema.org\/ImageObject\"  ><div class='avia-image-container-inner'><img class='avia_image ' src='https:\/\/www.advanco.fi\/wp-content\/uploads\/2013\/01\/operation.jpg' alt='' title='operation'   itemprop=\"contentURL\"  \/><\/div><\/div>\n\t<div  class='av_promobox avia-button-yes '>\t\t<div class='avia-promocontent'><p>\n<strong>AJANKOHTAISTA:<\/strong> Jonottoman hoidon malli on paras keino edist\u00e4\u00e4 hoitotakuun toteutumista.<\/p>\n<\/div><div class='avia-button-wrap avia-button-right '><a href='http:\/\/www.advanco.fi\/?page_id=3318' class='avia-button  avia-icon_select-no avia-color-theme-color avia-size-large avia-position-right '   ><span class='avia_iconbox_title' >Lue lis\u00e4\u00e4<\/span><\/a><\/div>\t<\/div>\n<div class=\"flex_column av_one_half  flex_column_div av-zero-column-padding first  \" style='border-radius:0px; '><section class=\"av_textblock_section\"  itemscope=\"itemscope\" itemtype=\"https:\/\/schema.org\/CreativeWork\" ><div class='avia_textblock '  style='font-size:16px; '  itemprop=\"text\" ><p><strong>Advanco<\/strong> kehitt\u00e4\u00e4 uusia ja parempia tapoja organisoida terveydenhuoltoa.<\/p>\n<p><strong>Asiakkaamme<\/strong> ovat terveydenhuollon julkisia ja yksityisi\u00e4 organisaatioita.<\/p>\n<p><strong>Erityisosaamistamme<\/strong> ovat terveydenhuollon prosessien tuntemus ja kehitt\u00e4minen sek\u00e4 kehitt\u00e4mishankkeiden suunnittelu ja toteutus.<\/p>\n<\/div><\/section><\/div>\n<div class=\"flex_column av_one_half  flex_column_div av-zero-column-padding   \" style='border-radius:0px; '><p><div style='height:25px' class='hr hr-invisible '><span class='hr-inner ' ><span class='hr-inner-style'><\/span><\/span><\/div><br \/>\n<div id='av-masonry-1' class='av-masonry noHover av-fixed-size av-1px-gap av-hover-overlay-active av-masonry-col-flexible av-caption-always ' ><div class='av-masonry-container isotope av-js-disabled ' ><div class='av-masonry-entry isotope-item av-masonry-item-no-image '><\/div><a href=\"https:\/\/www.advanco.fi\/?p=3385\" id='av-masonry-1-item-3385' data-av-masonry-item='3385' class='av-masonry-entry isotope-item post-3385 post type-post status-publish format-standard has-post-thumbnail hentry category-uncategorized  av-masonry-item-with-image av-landscape-img' title=\"Sivut p\u00e4ivitetty\"  itemscope=\"itemscope\" itemtype=\"https:\/\/schema.org\/CreativeWork\" ><div class='av-inner-masonry-sizer'><\/div><figure class='av-inner-masonry main_color'><div class=\"av-masonry-outerimage-container\"><div class=\"av-masonry-image-container\" style=\"background-image: url(https:\/\/www.advanco.fi\/wp-content\/uploads\/2016\/08\/technology-1283624_640.jpg);\"><img decoding=\"async\" src=\"https:\/\/www.advanco.fi\/wp-content\/uploads\/2016\/08\/technology-1283624_640.jpg\" title=\"technology-1283624_640\" alt=\"\" \/><\/div><\/div><figcaption class='av-inner-masonry-content site-background'><div class='av-inner-masonry-content-pos'><div class='avia-arrow'><\/div><h3 class='av-masonry-entry-title entry-title'  itemprop=\"headline\" >Sivut p\u00e4ivitetty<\/h3><div class='av-masonry-entry-content entry-content'  itemprop=\"text\" >Advancon sivut on siirretty uuteen julkaisuj\u00e4rjestelm\u00e4\u00e4n ja\u2026<\/div><span class='av-masonry-date meta-color updated'>1 elokuun, 2016<\/span><span class=\"av-masonry-text-sep text-sep-author\">\/<\/span><span class='av-masonry-author meta-color vcard author'><span class='fn'>by Thomas Lemstr\u00f6m<\/span><\/span><\/div><\/figcaption><\/figure><\/a><!--end av-masonry entry--><\/div><\/div><\/p><\/div>\n","protected":false},"excerpt":{"rendered":"","protected":false},"author":1,"featured_media":0,"parent":0,"menu_order":0,"comment_status":"closed","ping_status":"closed","template":"","meta":{"footnotes":""},"class_list":["post-3316","page","type-page","status-publish","hentry"],"_links":{"self":[{"href":"https:\/\/www.advanco.fi\/index.php?rest_route=\/wp\/v2\/pages\/3316","targetHints":{"allow":["GET"]}}],"collection":[{"href":"https:\/\/www.advanco.fi\/index.php?rest_route=\/wp\/v2\/pages"}],"about":[{"href":"https:\/\/www.advanco.fi\/index.php?rest_route=\/wp\/v2\/types\/page"}],"author":[{"embeddable":true,"href":"https:\/\/www.advanco.fi\/index.php?rest_route=\/wp\/v2\/users\/1"}],"replies":[{"embeddable":true,"href":"https:\/\/www.advanco.fi\/index.php?rest_route=%2Fwp%2Fv2%2Fcomments&post=3316"}],"version-history":[{"count":30,"href":"https:\/\/www.advanco.fi\/index.php?rest_route=\/wp\/v2\/pages\/3316\/revisions"}],"predecessor-version":[{"id":3421,"href":"https:\/\/www.advanco.fi\/index.php?rest_route=\/wp\/v2\/pages\/3316\/revisions\/3421"}],"wp:attachment":[{"href":"https:\/\/www.advanco.fi\/index.php?rest_route=%2Fwp%2Fv2%2Fmedia&parent=3316"}],"curies":[{"name":"wp","href":"https:\/\/api.w.org\/{rel}","templated":true}]}}